{"id":2982,"date":"2024-10-16T14:43:44","date_gmt":"2024-10-16T12:43:44","guid":{"rendered":"https:\/\/nuguet-mobilier-concept.com\/?page_id=2982"},"modified":"2024-12-19T11:15:00","modified_gmt":"2024-12-19T10:15:00","slug":"mentions-legales","status":"publish","type":"page","link":"https:\/\/nuguet-mobilier-concept.com\/index.php\/mentions-legales\/","title":{"rendered":"Mentions l\u00e9gales"},"content":{"rendered":"\t\t<div data-elementor-type=\"wp-page\" data-elementor-id=\"2982\" class=\"elementor elementor-2982\">\n\t\t\t\t<div class=\"elementor-element elementor-element-f77f41f e-flex e-con-boxed e-con e-parent\" data-id=\"f77f41f\" data-element_type=\"container\">\n\t\t\t\t\t<div class=\"e-con-inner\">\n\t\t<div class=\"elementor-element elementor-element-1799ef3 e-con-full e-flex e-con e-child\" data-id=\"1799ef3\" data-element_type=\"container\">\n\t\t\t\t<div class=\"elementor-element elementor-element-52a15a7 elementor-widget elementor-widget-text-editor\" data-id=\"52a15a7\" data-element_type=\"widget\" data-widget_type=\"text-editor.default\">\n\t\t\t\t<div class=\"elementor-widget-container\">\n\t\t\t\t\t\t\t\t\t<h2>1. Editeur du site :<\/h2><p>Le pr\u00e9sent site, accessible \u00e0 l&rsquo;URL https:\/\/www.nuguet-mobilier-concept.com (ci-apr\u00e8s le \u00ab Site \u00bb), est \u00e9dit\u00e9 par : <strong>Nuguet Mobilier Concept<\/strong>, SARL unipersonnelle au capital de 3 000 \u20ac,<\/p><p>Inscrite au RCS de Besan\u00e7on sous le num\u00e9ro 924 836 182,<\/p><p>Dont le si\u00e8ge social est situ\u00e9 au 20 Grande rue, 25300 Granges-Narboz, France.<\/p><p>Num\u00e9ro de TVA intracommunautaire : FR01924836182.<\/p><p>Repr\u00e9sentant l\u00e9gal : <strong>Paul-Emile Nuguet<\/strong><\/p><p>Adresse e-mail : <strong>paul@nuguet-mobilier-concept.com<\/strong><\/p><p>T\u00e9l\u00e9phone : <strong>+33.6.32.36.85.08<\/strong><\/p><h2><strong>2. H\u00e9bergement :<\/strong><\/h2><p>Le site est h\u00e9berg\u00e9 par :<br \/><strong>Hostinger Operations, UAB<\/strong><br \/>Svitrigailos str. 34, Vilnius 03230, Lithuania.<br \/>T\u00e9l\u00e9phone: +37064503378<br \/>Email : domains@hostinger.com<\/p><h2><br \/>3. Propri\u00e9t\u00e9 intellectuelle :<\/h2><p><br \/>Le Site et chacun des \u00e9l\u00e9ments qui le composent, y compris les textes, images, graphismes, logos et produits, sont prot\u00e9g\u00e9s par le droit d&rsquo;auteur, le droit des marques et le droit des dessins et mod\u00e8les.<br \/>Toute reproduction, repr\u00e9sentation, modification, publication, transmission ou d\u00e9naturation, totale ou partielle, du Site ou de son contenu, par quelque proc\u00e9d\u00e9 que ce soit, sans l&rsquo;autorisation expresse et pr\u00e9alable de l&rsquo;\u00c9diteur est interdite, et constitue une contrefa\u00e7on sanctionn\u00e9e par les articles L.335-2 et suivants du Code de la propri\u00e9t\u00e9 intellectuelle.<\/p><h2><br \/>4. Conditions g\u00e9n\u00e9rales d&rsquo;utilisation :<\/h2><p><br \/>L&rsquo;acc\u00e8s au site nuguet-mobilier-concept.com est libre et gratuit pour tout Utilisateur disposant d&rsquo;une connexion Internet. L&rsquo;utilisation du Site est soumise \u00e0 l&rsquo;acceptation pleine et enti\u00e8re des pr\u00e9sentes conditions d&rsquo;utilisation.<br \/>L&rsquo;Editeur peut \u00e0 tout moment suspendre ou interrompre l&rsquo;acc\u00e8s au site, notamment pour des raisons de maintenance.<\/p><h2><br \/><strong>5. Responsabilit\u00e9s :<\/strong><\/h2><p><br \/>L&rsquo;\u00c9diteur d\u00e9cline toute responsabilit\u00e9 en cas de dysfonctionnement du serveur ou du r\u00e9seau. De m\u00eame, il ne peut \u00eatre tenu responsable en cas de force majeure ou de tout fait impr\u00e9visible et insurmontable d&rsquo;un tiers.<br \/>L&rsquo;Utilisateur est seul responsable de l&rsquo;utilisation de son identifiant et mot de passe.<br \/>En cas de divulgation de celui-ci, l&rsquo;\u00c9diteur ne saurait \u00eatre tenu pour responsable.<\/p><h2><br \/>6. Donn\u00e9es personnelles :<\/h2><p><br \/>Le Site collecte et traite des donn\u00e9es personnelles conform\u00e9ment \u00e0 la loi \u00ab<br \/>Informatique et Libert\u00e9s \u00bb du 6 janvier 1978. Les informations recueillies ne sont jamais transmises \u00e0 des tiers et sont utilis\u00e9es uniquement dans le cadre des services offerts sur le Site.<br \/>L&rsquo;Utilisateur dispose d&rsquo;un droit d&rsquo;acc\u00e8s, de rectification et de suppression de ses donn\u00e9es personnelles. Pour exercer ces droits, l&rsquo;Utilisateur peut contacter l&rsquo;Editeur via le formulaire de contact du Site.<br \/>Le Site n&rsquo;utilise que des cookies techniques n\u00e9cessaires \u00e0 son bon fonctionnement.<\/p>\t\t\t\t\t\t\t\t<\/div>\n\t\t\t\t<\/div>\n\t\t\t\t<\/div>\n\t\t\t\t\t<\/div>\n\t\t\t\t<\/div>\n\t\t\t\t<\/div>\n\t\t","protected":false},"excerpt":{"rendered":"<p>1. Editeur du site : Le pr\u00e9sent site, accessible \u00e0 l&rsquo;URL https:\/\/www.nuguet-mobilier-concept.com (ci-apr\u00e8s le \u00ab Site \u00bb), est \u00e9dit\u00e9 par : Nuguet Mobilier Concept, SARL unipersonnelle au capital de 3 000 \u20ac, Inscrite au RCS de Besan\u00e7on sous le num\u00e9ro 924 836 182, Dont le si\u00e8ge social est situ\u00e9 au 20 Grande rue, 25300 Granges-Narboz, &hellip; <\/p>\n<p class=\"link-more\"><a href=\"https:\/\/nuguet-mobilier-concept.com\/index.php\/mentions-legales\/\" class=\"more-link\">Lire la suite de<span class=\"screen-reader-text\">\u00ab\u00a0Mentions l\u00e9gales\u00a0\u00bb<\/span><\/a><\/p>\n","protected":false},"author":2,"featured_media":0,"parent":0,"menu_order":0,"comment_status":"closed","ping_status":"closed","template":"","meta":{"om_disable_all_campaigns":false,"_monsterinsights_skip_tracking":false,"_monsterinsights_sitenote_active":false,"_monsterinsights_sitenote_note":"","_monsterinsights_sitenote_category":0,"_uf_show_specific_survey":0,"_uf_disable_surveys":false,"inspiro_hide_title":false,"footnotes":""},"yoast_head":"<!-- This site is optimized with the Yoast SEO plugin v24.5 - https:\/\/yoast.com\/wordpress\/plugins\/seo\/ -->\n<title>Mentions l\u00e9gales - Nuguet Mobilier Concept<\/title>\n<meta name=\"description\" content=\"Le pr\u00e9sent site, accessible \u00e0 l\u2019URL https:\/\/www.nuguet-mobilier-concept.com, est \u00e9dit\u00e9 par : Nuguet Mobilier Concept, SARL unipersonnelle\" \/>\n<meta name=\"robots\" content=\"index, follow, max-snippet:-1, max-image-preview:large, max-video-preview:-1\" \/>\n<link rel=\"canonical\" href=\"https:\/\/nuguet-mobilier-concept.com\/index.php\/mentions-legales\/\" \/>\n<meta property=\"og:locale\" content=\"fr_FR\" \/>\n<meta property=\"og:type\" content=\"article\" \/>\n<meta property=\"og:title\" content=\"Mentions l\u00e9gales - Nuguet Mobilier Concept\" \/>\n<meta property=\"og:description\" content=\"Le pr\u00e9sent site, accessible \u00e0 l\u2019URL https:\/\/www.nuguet-mobilier-concept.com, est \u00e9dit\u00e9 par : Nuguet Mobilier Concept, SARL unipersonnelle\" \/>\n<meta property=\"og:url\" content=\"https:\/\/nuguet-mobilier-concept.com\/index.php\/mentions-legales\/\" \/>\n<meta property=\"og:site_name\" content=\"Nuguet Mobilier Concept\" \/>\n<meta property=\"article:publisher\" content=\"https:\/\/www.facebook.com\/profile.php?id=61557883344142&amp;locale=fr_FR\" \/>\n<meta property=\"article:modified_time\" content=\"2024-12-19T10:15:00+00:00\" \/>\n<meta name=\"twitter:card\" content=\"summary_large_image\" \/>\n<meta name=\"twitter:label1\" content=\"Dur\u00e9e de lecture estim\u00e9e\" \/>\n\t<meta name=\"twitter:data1\" content=\"2 minutes\" \/>\n<script type=\"application\/ld+json\" class=\"yoast-schema-graph\">{\"@context\":\"https:\/\/schema.org\",\"@graph\":[{\"@type\":\"WebPage\",\"@id\":\"https:\/\/nuguet-mobilier-concept.com\/index.php\/mentions-legales\/\",\"url\":\"https:\/\/nuguet-mobilier-concept.com\/index.php\/mentions-legales\/\",\"name\":\"Mentions l\u00e9gales - Nuguet Mobilier Concept\",\"isPartOf\":{\"@id\":\"https:\/\/nuguet-mobilier-concept.com\/#website\"},\"datePublished\":\"2024-10-16T12:43:44+00:00\",\"dateModified\":\"2024-12-19T10:15:00+00:00\",\"description\":\"Le pr\u00e9sent site, accessible \u00e0 l\u2019URL https:\/\/www.nuguet-mobilier-concept.com, est \u00e9dit\u00e9 par : Nuguet Mobilier Concept, SARL unipersonnelle\",\"breadcrumb\":{\"@id\":\"https:\/\/nuguet-mobilier-concept.com\/index.php\/mentions-legales\/#breadcrumb\"},\"inLanguage\":\"fr-FR\",\"potentialAction\":[{\"@type\":\"ReadAction\",\"target\":[\"https:\/\/nuguet-mobilier-concept.com\/index.php\/mentions-legales\/\"]}]},{\"@type\":\"BreadcrumbList\",\"@id\":\"https:\/\/nuguet-mobilier-concept.com\/index.php\/mentions-legales\/#breadcrumb\",\"itemListElement\":[{\"@type\":\"ListItem\",\"position\":1,\"name\":\"Accueil\",\"item\":\"https:\/\/nuguet-mobilier-concept.com\/\"},{\"@type\":\"ListItem\",\"position\":2,\"name\":\"Mentions l\u00e9gales\"}]},{\"@type\":\"WebSite\",\"@id\":\"https:\/\/nuguet-mobilier-concept.com\/#website\",\"url\":\"https:\/\/nuguet-mobilier-concept.com\/\",\"name\":\"Nuguet Mobilier Concept\",\"description\":\"Artisan cr\u00e9ateur de mobilier int\u00e9rieur en m\u00e9tal et bois massif local\",\"publisher\":{\"@id\":\"https:\/\/nuguet-mobilier-concept.com\/#organization\"},\"potentialAction\":[{\"@type\":\"SearchAction\",\"target\":{\"@type\":\"EntryPoint\",\"urlTemplate\":\"https:\/\/nuguet-mobilier-concept.com\/?s={search_term_string}\"},\"query-input\":{\"@type\":\"PropertyValueSpecification\",\"valueRequired\":true,\"valueName\":\"search_term_string\"}}],\"inLanguage\":\"fr-FR\"},{\"@type\":\"Organization\",\"@id\":\"https:\/\/nuguet-mobilier-concept.com\/#organization\",\"name\":\"Nuguet Mobilier Concept\",\"alternateName\":\"NMC\",\"url\":\"https:\/\/nuguet-mobilier-concept.com\/\",\"logo\":{\"@type\":\"ImageObject\",\"inLanguage\":\"fr-FR\",\"@id\":\"https:\/\/nuguet-mobilier-concept.com\/#\/schema\/logo\/image\/\",\"url\":\"https:\/\/nuguet-mobilier-concept.com\/wp-content\/uploads\/2024\/04\/Logo-NMC-Vertical-Black.png\",\"contentUrl\":\"https:\/\/nuguet-mobilier-concept.com\/wp-content\/uploads\/2024\/04\/Logo-NMC-Vertical-Black.png\",\"width\":2008,\"height\":1754,\"caption\":\"Nuguet Mobilier Concept\"},\"image\":{\"@id\":\"https:\/\/nuguet-mobilier-concept.com\/#\/schema\/logo\/image\/\"},\"sameAs\":[\"https:\/\/www.facebook.com\/profile.php?id=61557883344142&locale=fr_FR\",\"https:\/\/www.instagram.com\/nuguetmobilier_concept\/\",\"https:\/\/www.linkedin.com\/company\/nuguet-mobilier-concept\/posts\/?feedView=all\"]}]}<\/script>\n<!-- \/ Yoast SEO plugin. -->","yoast_head_json":{"title":"Mentions l\u00e9gales - Nuguet Mobilier Concept","description":"Le pr\u00e9sent site, accessible \u00e0 l\u2019URL https:\/\/www.nuguet-mobilier-concept.com, est \u00e9dit\u00e9 par : Nuguet Mobilier Concept, SARL unipersonnelle","robots":{"index":"index","follow":"follow","max-snippet":"max-snippet:-1","max-image-preview":"max-image-preview:large","max-video-preview":"max-video-preview:-1"},"canonical":"https:\/\/nuguet-mobilier-concept.com\/index.php\/mentions-legales\/","og_locale":"fr_FR","og_type":"article","og_title":"Mentions l\u00e9gales - Nuguet Mobilier Concept","og_description":"Le pr\u00e9sent site, accessible \u00e0 l\u2019URL https:\/\/www.nuguet-mobilier-concept.com, est \u00e9dit\u00e9 par : Nuguet Mobilier Concept, SARL unipersonnelle","og_url":"https:\/\/nuguet-mobilier-concept.com\/index.php\/mentions-legales\/","og_site_name":"Nuguet Mobilier Concept","article_publisher":"https:\/\/www.facebook.com\/profile.php?id=61557883344142&locale=fr_FR","article_modified_time":"2024-12-19T10:15:00+00:00","twitter_card":"summary_large_image","twitter_misc":{"Dur\u00e9e de lecture estim\u00e9e":"2 minutes"},"schema":{"@context":"https:\/\/schema.org","@graph":[{"@type":"WebPage","@id":"https:\/\/nuguet-mobilier-concept.com\/index.php\/mentions-legales\/","url":"https:\/\/nuguet-mobilier-concept.com\/index.php\/mentions-legales\/","name":"Mentions l\u00e9gales - Nuguet Mobilier Concept","isPartOf":{"@id":"https:\/\/nuguet-mobilier-concept.com\/#website"},"datePublished":"2024-10-16T12:43:44+00:00","dateModified":"2024-12-19T10:15:00+00:00","description":"Le pr\u00e9sent site, accessible \u00e0 l\u2019URL https:\/\/www.nuguet-mobilier-concept.com, est \u00e9dit\u00e9 par : Nuguet Mobilier Concept, SARL unipersonnelle","breadcrumb":{"@id":"https:\/\/nuguet-mobilier-concept.com\/index.php\/mentions-legales\/#breadcrumb"},"inLanguage":"fr-FR","potentialAction":[{"@type":"ReadAction","target":["https:\/\/nuguet-mobilier-concept.com\/index.php\/mentions-legales\/"]}]},{"@type":"BreadcrumbList","@id":"https:\/\/nuguet-mobilier-concept.com\/index.php\/mentions-legales\/#breadcrumb","itemListElement":[{"@type":"ListItem","position":1,"name":"Accueil","item":"https:\/\/nuguet-mobilier-concept.com\/"},{"@type":"ListItem","position":2,"name":"Mentions l\u00e9gales"}]},{"@type":"WebSite","@id":"https:\/\/nuguet-mobilier-concept.com\/#website","url":"https:\/\/nuguet-mobilier-concept.com\/","name":"Nuguet Mobilier Concept","description":"Artisan cr\u00e9ateur de mobilier int\u00e9rieur en m\u00e9tal et bois massif local","publisher":{"@id":"https:\/\/nuguet-mobilier-concept.com\/#organization"},"potentialAction":[{"@type":"SearchAction","target":{"@type":"EntryPoint","urlTemplate":"https:\/\/nuguet-mobilier-concept.com\/?s={search_term_string}"},"query-input":{"@type":"PropertyValueSpecification","valueRequired":true,"valueName":"search_term_string"}}],"inLanguage":"fr-FR"},{"@type":"Organization","@id":"https:\/\/nuguet-mobilier-concept.com\/#organization","name":"Nuguet Mobilier Concept","alternateName":"NMC","url":"https:\/\/nuguet-mobilier-concept.com\/","logo":{"@type":"ImageObject","inLanguage":"fr-FR","@id":"https:\/\/nuguet-mobilier-concept.com\/#\/schema\/logo\/image\/","url":"https:\/\/nuguet-mobilier-concept.com\/wp-content\/uploads\/2024\/04\/Logo-NMC-Vertical-Black.png","contentUrl":"https:\/\/nuguet-mobilier-concept.com\/wp-content\/uploads\/2024\/04\/Logo-NMC-Vertical-Black.png","width":2008,"height":1754,"caption":"Nuguet Mobilier Concept"},"image":{"@id":"https:\/\/nuguet-mobilier-concept.com\/#\/schema\/logo\/image\/"},"sameAs":["https:\/\/www.facebook.com\/profile.php?id=61557883344142&locale=fr_FR","https:\/\/www.instagram.com\/nuguetmobilier_concept\/","https:\/\/www.linkedin.com\/company\/nuguet-mobilier-concept\/posts\/?feedView=all"]}]}},"_links":{"self":[{"href":"https:\/\/nuguet-mobilier-concept.com\/index.php\/wp-json\/wp\/v2\/pages\/2982"}],"collection":[{"href":"https:\/\/nuguet-mobilier-concept.com\/index.php\/wp-json\/wp\/v2\/pages"}],"about":[{"href":"https:\/\/nuguet-mobilier-concept.com\/index.php\/wp-json\/wp\/v2\/types\/page"}],"author":[{"embeddable":true,"href":"https:\/\/nuguet-mobilier-concept.com\/index.php\/wp-json\/wp\/v2\/users\/2"}],"replies":[{"embeddable":true,"href":"https:\/\/nuguet-mobilier-concept.com\/index.php\/wp-json\/wp\/v2\/comments?post=2982"}],"version-history":[{"count":5,"href":"https:\/\/nuguet-mobilier-concept.com\/index.php\/wp-json\/wp\/v2\/pages\/2982\/revisions"}],"predecessor-version":[{"id":2988,"href":"https:\/\/nuguet-mobilier-concept.com\/index.php\/wp-json\/wp\/v2\/pages\/2982\/revisions\/2988"}],"wp:attachment":[{"href":"https:\/\/nuguet-mobilier-concept.com\/index.php\/wp-json\/wp\/v2\/media?parent=2982"}],"curies":[{"name":"wp","href":"https:\/\/api.w.org\/{rel}","templated":true}]}}